{"id":179,"date":"2025-01-23T21:43:18","date_gmt":"2025-01-23T21:43:18","guid":{"rendered":"https:\/\/paroz-fleurs.ch\/?page_id=179"},"modified":"2026-07-04T19:17:52","modified_gmt":"2026-07-04T19:17:52","slug":"deuil","status":"publish","type":"page","link":"https:\/\/paroz-fleurs.ch\/?page_id=179","title":{"rendered":"Deuil"},"content":{"rendered":"\n<div class=\"wp-block-group alignfull has-base-background-color has-background is-vertical is-layout-flex wp-container-core-group-is-layout-2 wp-block-group-is-layout-flex\" style=\"padding-top:6vw;padding-right:6vw;padding-bottom:6vw;padding-left:6vw\">\n<div class=\"wp-block-group is-vertical is-nowrap is-layout-flex wp-container-core-group-is-layout-1 wp-block-group-is-layout-flex\" style=\"padding-right:0;padding-left:0\">\n<p class=\"has-text-color\" style=\"color:#000000;font-size:clamp(14px, 0.875rem + ((1vw - 3.2px) * 0.208), 16px);\">Dans ces moments douloureux, nous sommes l\u00e0 pour vous conseiller . N&rsquo;h\u00e9sitez pas \u00e0 prendre contact avec nous au 032 481 23 10 .<\/p>\n\n\n\n<p>Voici quelques exemples :<\/p>\n\n\n\n<p class=\"has-base-background-color has-text-color has-background\" style=\"color:#000000;font-size:clamp(14px, 0.875rem + ((1vw - 3.2px) * 0.208), 16px);\">Cr\u00e9ations pour c\u00e9r\u00e9monies fun\u00e9raires<\/p>\n\n\n\n<p>Pour chaque composition nous pouvons imprimer un ruban ou graver une planchette avec le texte de votre choix.<\/p>\n<\/div>\n\n\n\n<div style=\"height:11px;width:0px\" aria-hidden=\"true\" class=\"wp-block-spacer wp-container-content-1\"><\/div>\n\n\n\n<div class=\"wp-block-media-text has-media-on-the-right is-stacked-on-mobile\"><div class=\"wp-block-media-text__content\">\n<p>La gerbe de fleurs est une composition allong\u00e9e qui est d\u00e9pos\u00e9e sur le cercueil. La famille proche choisit cette cr\u00e9ation qui sera directement sur le cercueil. Photo: couleurs chaudes.<\/p>\n<\/div><figure class=\"wp-block-media-text__media\"><img loading=\"lazy\" decoding=\"async\" width=\"1024\" height=\"768\" src=\"https:\/\/paroz-fleurs.ch\/wp-content\/uploads\/2025\/01\/deuil2-1024x768.jpg\" alt=\"\" class=\"wp-image-181 size-full\" srcset=\"https:\/\/paroz-fleurs.ch\/wp-content\/uploads\/2025\/01\/deuil2-1024x768.jpg 1024w, https:\/\/paroz-fleurs.ch\/wp-content\/uploads\/2025\/01\/deuil2-300x225.jpg 300w, https:\/\/paroz-fleurs.ch\/wp-content\/uploads\/2025\/01\/deuil2-768x576.jpg 768w, https:\/\/paroz-fleurs.ch\/wp-content\/uploads\/2025\/01\/deuil2.jpg 1306w\" sizes=\"auto, (max-width: 1024px) 100vw, 1024px\" \/><\/figure><\/div>\n\n\n\n<div class=\"wp-block-media-text has-media-on-the-right is-stacked-on-mobile\"><div class=\"wp-block-media-text__content\">\n<p>Composition en forme de coeur, un pr\u00e9sent plus intime.<\/p>\n<\/div><figure class=\"wp-block-media-text__media\"><img loading=\"lazy\" decoding=\"async\" width=\"768\" height=\"768\" src=\"https:\/\/paroz-fleurs.ch\/wp-content\/uploads\/2025\/01\/coeur3-2.jpg\" alt=\"\" class=\"wp-image-266 size-full\" srcset=\"https:\/\/paroz-fleurs.ch\/wp-content\/uploads\/2025\/01\/coeur3-2.jpg 768w, https:\/\/paroz-fleurs.ch\/wp-content\/uploads\/2025\/01\/coeur3-2-300x300.jpg 300w, https:\/\/paroz-fleurs.ch\/wp-content\/uploads\/2025\/01\/coeur3-2-150x150.jpg 150w\" sizes=\"auto, (max-width: 768px) 100vw, 768px\" \/><\/figure><\/div>\n\n\n\n<div class=\"wp-block-media-text has-media-on-the-right is-stacked-on-mobile\"><div class=\"wp-block-media-text__content\">\n<p>Couronne , symbolique du cercle de la vie \u00e9ternelle.<\/p>\n<\/div><figure class=\"wp-block-media-text__media\"><img loading=\"lazy\" decoding=\"async\" width=\"761\" height=\"1024\" src=\"https:\/\/paroz-fleurs.ch\/wp-content\/uploads\/2025\/01\/20250119_233337-761x1024.jpg\" alt=\"\" class=\"wp-image-182 size-full\" srcset=\"https:\/\/paroz-fleurs.ch\/wp-content\/uploads\/2025\/01\/20250119_233337-761x1024.jpg 761w, https:\/\/paroz-fleurs.ch\/wp-content\/uploads\/2025\/01\/20250119_233337-223x300.jpg 223w, https:\/\/paroz-fleurs.ch\/wp-content\/uploads\/2025\/01\/20250119_233337-768x1034.jpg 768w, https:\/\/paroz-fleurs.ch\/wp-content\/uploads\/2025\/01\/20250119_233337-1141x1536.jpg 1141w, https:\/\/paroz-fleurs.ch\/wp-content\/uploads\/2025\/01\/20250119_233337-1521x2048.jpg 1521w, https:\/\/paroz-fleurs.ch\/wp-content\/uploads\/2025\/01\/20250119_233337-scaled.jpg 1902w\" sizes=\"auto, (max-width: 761px) 100vw, 761px\" \/><\/figure><\/div>\n\n\n\n<div class=\"wp-block-media-text has-media-on-the-right is-stacked-on-mobile\"><div class=\"wp-block-media-text__content\">\n<p>Planche en bois grav\u00e9e par nos soins. Ajouter un texte, une photo symbolique, une \u00e9motion&#8230;&#8230; nous avons toujours une dizaine de gravures pr\u00eates&#8230;  voici <strong><a href=\"https:\/\/paroz-fleurs.ch\/?page_id=554\" data-type=\"page\" data-id=\"554\">ICI <\/a><\/strong>pour en voir un peu plus..<\/p>\n<\/div><figure class=\"wp-block-media-text__media\"><img loading=\"lazy\" decoding=\"async\" width=\"768\" height=\"1024\" src=\"https:\/\/paroz-fleurs.ch\/wp-content\/uploads\/2026\/06\/graver6-768x1024.jpg\" alt=\"\" class=\"wp-image-559 size-full\" srcset=\"https:\/\/paroz-fleurs.ch\/wp-content\/uploads\/2026\/06\/graver6-768x1024.jpg 768w, https:\/\/paroz-fleurs.ch\/wp-content\/uploads\/2026\/06\/graver6-225x300.jpg 225w, https:\/\/paroz-fleurs.ch\/wp-content\/uploads\/2026\/06\/graver6.jpg 1040w\" sizes=\"auto, (max-width: 768px) 100vw, 768px\" \/><\/figure><\/div>\n\n\n\n<div class=\"wp-block-media-text has-media-on-the-right is-stacked-on-mobile\"><div class=\"wp-block-media-text__content\">\n<p>Arrangement d&rsquo;une face, petit ou tr\u00e8s grand, il peut tout \u00e0 fait repr\u00e9senter une entreprise.<\/p>\n<\/div><figure class=\"wp-block-media-text__media\"><img loading=\"lazy\" decoding=\"async\" width=\"670\" height=\"862\" src=\"https:\/\/paroz-fleurs.ch\/wp-content\/uploads\/2025\/12\/deuil-2.jpg\" alt=\"\" class=\"wp-image-446 size-full\" srcset=\"https:\/\/paroz-fleurs.ch\/wp-content\/uploads\/2025\/12\/deuil-2.jpg 670w, https:\/\/paroz-fleurs.ch\/wp-content\/uploads\/2025\/12\/deuil-2-233x300.jpg 233w\" sizes=\"auto, (max-width: 670px) 100vw, 670px\" \/><\/figure><\/div>\n\n\n\n<p><\/p>\n\n\n\n<div class=\"wp-block-media-text has-media-on-the-right is-stacked-on-mobile\"><div class=\"wp-block-media-text__content\">\n<p>Une plantation, composition de plantes. (photo FRS: 380.-)<\/p>\n<\/div><figure class=\"wp-block-media-text__media\"><img loading=\"lazy\" decoding=\"async\" width=\"576\" height=\"1024\" src=\"https:\/\/paroz-fleurs.ch\/wp-content\/uploads\/2025\/02\/IMG-20191218-WA0002-576x1024.jpg\" alt=\"\" class=\"wp-image-335 size-full\" srcset=\"https:\/\/paroz-fleurs.ch\/wp-content\/uploads\/2025\/02\/IMG-20191218-WA0002-576x1024.jpg 576w, https:\/\/paroz-fleurs.ch\/wp-content\/uploads\/2025\/02\/IMG-20191218-WA0002-169x300.jpg 169w, https:\/\/paroz-fleurs.ch\/wp-content\/uploads\/2025\/02\/IMG-20191218-WA0002-768x1365.jpg 768w, https:\/\/paroz-fleurs.ch\/wp-content\/uploads\/2025\/02\/IMG-20191218-WA0002-864x1536.jpg 864w, https:\/\/paroz-fleurs.ch\/wp-content\/uploads\/2025\/02\/IMG-20191218-WA0002.jpg 1152w\" sizes=\"auto, (max-width: 576px) 100vw, 576px\" \/><\/figure><\/div>\n<\/div>\n\n\n\n<div style=\"height:34px\" aria-hidden=\"true\" class=\"wp-block-spacer\"><\/div>\n\n\n\n<p>Nous sommes \u00e0 votre disposition pour vous conseiller  032 481 23 10<\/p>\n","protected":false},"excerpt":{"rendered":"<p>Dans ces moments douloureux, nous sommes l\u00e0 pour vous conseiller . N&rsquo;h\u00e9sitez pas \u00e0 prendre contact avec nous au 032 481 23 10 . Voici quelques exemples : Cr\u00e9ations pour c\u00e9r\u00e9monies fun\u00e9raires Pour chaque composition nous pouvons imprimer un ruban ou graver une planchette avec le texte de votre choix. La gerbe de fleurs est [&hellip;]<\/p>\n","protected":false},"author":1,"featured_media":0,"parent":99,"menu_order":2,"comment_status":"closed","ping_status":"closed","template":"","meta":{"footnotes":""},"class_list":["post-179","page","type-page","status-publish","hentry"],"_links":{"self":[{"href":"https:\/\/paroz-fleurs.ch\/index.php?rest_route=\/wp\/v2\/pages\/179","targetHints":{"allow":["GET"]}}],"collection":[{"href":"https:\/\/paroz-fleurs.ch\/index.php?rest_route=\/wp\/v2\/pages"}],"about":[{"href":"https:\/\/paroz-fleurs.ch\/index.php?rest_route=\/wp\/v2\/types\/page"}],"author":[{"embeddable":true,"href":"https:\/\/paroz-fleurs.ch\/index.php?rest_route=\/wp\/v2\/users\/1"}],"replies":[{"embeddable":true,"href":"https:\/\/paroz-fleurs.ch\/index.php?rest_route=%2Fwp%2Fv2%2Fcomments&post=179"}],"version-history":[{"count":28,"href":"https:\/\/paroz-fleurs.ch\/index.php?rest_route=\/wp\/v2\/pages\/179\/revisions"}],"predecessor-version":[{"id":629,"href":"https:\/\/paroz-fleurs.ch\/index.php?rest_route=\/wp\/v2\/pages\/179\/revisions\/629"}],"up":[{"embeddable":true,"href":"https:\/\/paroz-fleurs.ch\/index.php?rest_route=\/wp\/v2\/pages\/99"}],"wp:attachment":[{"href":"https:\/\/paroz-fleurs.ch\/index.php?rest_route=%2Fwp%2Fv2%2Fmedia&parent=179"}],"curies":[{"name":"wp","href":"https:\/\/api.w.org\/{rel}","templated":true}]}}

<div class="wp-block-group alignfull has-base-background-color has-background is-vertical is-layout-flex wp-container-core-group-is-layout-2 wp-block-group-is-layout-flex" style="padding-top:6vw;padding-right:6vw;padding-bottom:6vw;padding-left:6vw">
<div class="wp-block-group is-vertical is-nowrap is-layout-flex wp-container-core-group-is-layout-1 wp-block-group-is-layout-flex" style="padding-right:0;padding-left:0">
<p class="has-text-color" style="color:#000000;font-size:clamp(14px, 0.875rem + ((1vw - 3.2px) * 0.208), 16px);">Dans ces moments douloureux, nous sommes là pour vous conseiller . N&rsquo;hésitez pas à prendre contact avec nous au 032 481 23 10 .</p>



<p>Voici quelques exemples :</p>



<p class="has-base-background-color has-text-color has-background" style="color:#000000;font-size:clamp(14px, 0.875rem + ((1vw - 3.2px) * 0.208), 16px);">Créations pour cérémonies funéraires</p>



<p>Pour chaque composition nous pouvons imprimer un ruban ou graver une planchette avec le texte de votre choix.</p>
</div>



<div style="height:11px;width:0px" aria-hidden="true" class="wp-block-spacer wp-container-content-1"></div>



<div class="wp-block-media-text has-media-on-the-right is-stacked-on-mobile"><div class="wp-block-media-text__content">
<p>La gerbe de fleurs est une composition allongée qui est déposée sur le cercueil. La famille proche choisit cette création qui sera directement sur le cercueil. Photo: couleurs chaudes.</p>
</div><figure class="wp-block-media-text__media"><img loading="lazy" decoding="async" width="1024" height="768" src="https://paroz-fleurs.ch/wp-content/uploads/2025/01/deuil2-1024x768.jpg" alt="" class="wp-image-181 size-full" srcset="https://paroz-fleurs.ch/wp-content/uploads/2025/01/deuil2-1024x768.jpg 1024w, https://paroz-fleurs.ch/wp-content/uploads/2025/01/deuil2-300x225.jpg 300w, https://paroz-fleurs.ch/wp-content/uploads/2025/01/deuil2-768x576.jpg 768w, https://paroz-fleurs.ch/wp-content/uploads/2025/01/deuil2.jpg 1306w" sizes="auto, (max-width: 1024px) 100vw, 1024px" /></figure></div>



<div class="wp-block-media-text has-media-on-the-right is-stacked-on-mobile"><div class="wp-block-media-text__content">
<p>Composition en forme de coeur, un présent plus intime.</p>
</div><figure class="wp-block-media-text__media"><img loading="lazy" decoding="async" width="768" height="768" src="https://paroz-fleurs.ch/wp-content/uploads/2025/01/coeur3-2.jpg" alt="" class="wp-image-266 size-full" srcset="https://paroz-fleurs.ch/wp-content/uploads/2025/01/coeur3-2.jpg 768w, https://paroz-fleurs.ch/wp-content/uploads/2025/01/coeur3-2-300x300.jpg 300w, https://paroz-fleurs.ch/wp-content/uploads/2025/01/coeur3-2-150x150.jpg 150w" sizes="auto, (max-width: 768px) 100vw, 768px" /></figure></div>



<div class="wp-block-media-text has-media-on-the-right is-stacked-on-mobile"><div class="wp-block-media-text__content">
<p>Couronne , symbolique du cercle de la vie éternelle.</p>
</div><figure class="wp-block-media-text__media"><img loading="lazy" decoding="async" width="761" height="1024" src="https://paroz-fleurs.ch/wp-content/uploads/2025/01/20250119_233337-761x1024.jpg" alt="" class="wp-image-182 size-full" srcset="https://paroz-fleurs.ch/wp-content/uploads/2025/01/20250119_233337-761x1024.jpg 761w, https://paroz-fleurs.ch/wp-content/uploads/2025/01/20250119_233337-223x300.jpg 223w, https://paroz-fleurs.ch/wp-content/uploads/2025/01/20250119_233337-768x1034.jpg 768w, https://paroz-fleurs.ch/wp-content/uploads/2025/01/20250119_233337-1141x1536.jpg 1141w, https://paroz-fleurs.ch/wp-content/uploads/2025/01/20250119_233337-1521x2048.jpg 1521w, https://paroz-fleurs.ch/wp-content/uploads/2025/01/20250119_233337-scaled.jpg 1902w" sizes="auto, (max-width: 761px) 100vw, 761px" /></figure></div>



<div class="wp-block-media-text has-media-on-the-right is-stacked-on-mobile"><div class="wp-block-media-text__content">
<p>Planche en bois gravée par nos soins. Ajouter un texte, une photo symbolique, une émotion&#8230;&#8230; nous avons toujours une dizaine de gravures prêtes&#8230;  voici <strong><a href="https://paroz-fleurs.ch/?page_id=554" data-type="page" data-id="554">ICI </a></strong>pour en voir un peu plus..</p>
</div><figure class="wp-block-media-text__media"><img loading="lazy" decoding="async" width="768" height="1024" src="https://paroz-fleurs.ch/wp-content/uploads/2026/06/graver6-768x1024.jpg" alt="" class="wp-image-559 size-full" srcset="https://paroz-fleurs.ch/wp-content/uploads/2026/06/graver6-768x1024.jpg 768w, https://paroz-fleurs.ch/wp-content/uploads/2026/06/graver6-225x300.jpg 225w, https://paroz-fleurs.ch/wp-content/uploads/2026/06/graver6.jpg 1040w" sizes="auto, (max-width: 768px) 100vw, 768px" /></figure></div>



<div class="wp-block-media-text has-media-on-the-right is-stacked-on-mobile"><div class="wp-block-media-text__content">
<p>Arrangement d&rsquo;une face, petit ou très grand, il peut tout à fait représenter une entreprise.</p>
</div><figure class="wp-block-media-text__media"><img loading="lazy" decoding="async" width="670" height="862" src="https://paroz-fleurs.ch/wp-content/uploads/2025/12/deuil-2.jpg" alt="" class="wp-image-446 size-full" srcset="https://paroz-fleurs.ch/wp-content/uploads/2025/12/deuil-2.jpg 670w, https://paroz-fleurs.ch/wp-content/uploads/2025/12/deuil-2-233x300.jpg 233w" sizes="auto, (max-width: 670px) 100vw, 670px" /></figure></div>



<p></p>



<div class="wp-block-media-text has-media-on-the-right is-stacked-on-mobile"><div class="wp-block-media-text__content">
<p>Une plantation, composition de plantes. (photo FRS: 380.-)</p>
</div><figure class="wp-block-media-text__media"><img loading="lazy" decoding="async" width="576" height="1024" src="https://paroz-fleurs.ch/wp-content/uploads/2025/02/IMG-20191218-WA0002-576x1024.jpg" alt="" class="wp-image-335 size-full" srcset="https://paroz-fleurs.ch/wp-content/uploads/2025/02/IMG-20191218-WA0002-576x1024.jpg 576w, https://paroz-fleurs.ch/wp-content/uploads/2025/02/IMG-20191218-WA0002-169x300.jpg 169w, https://paroz-fleurs.ch/wp-content/uploads/2025/02/IMG-20191218-WA0002-768x1365.jpg 768w, https://paroz-fleurs.ch/wp-content/uploads/2025/02/IMG-20191218-WA0002-864x1536.jpg 864w, https://paroz-fleurs.ch/wp-content/uploads/2025/02/IMG-20191218-WA0002.jpg 1152w" sizes="auto, (max-width: 576px) 100vw, 576px" /></figure></div>
</div>



<div style="height:34px" aria-hidden="true" class="wp-block-spacer"></div>



<p>Nous sommes à votre disposition pour vous conseiller  032 481 23 10</p>

<p>Dans ces moments douloureux, nous sommes là pour vous conseiller . N&rsquo;hésitez pas à prendre contact avec nous au 032 481 23 10 . Voici quelques exemples : Créations pour cérémonies funéraires Pour chaque composition nous pouvons imprimer un ruban ou graver une planchette avec le texte de votre choix. La gerbe de fleurs est [&hellip;]</p>
