{"id":340,"date":"2025-02-22T18:00:32","date_gmt":"2025-02-22T18:00:32","guid":{"rendered":"https:\/\/paroz-fleurs.ch\/?page_id=340"},"modified":"2026-07-05T18:12:49","modified_gmt":"2026-07-05T18:12:49","slug":"pour-votre-entreprise","status":"publish","type":"page","link":"https:\/\/paroz-fleurs.ch\/?page_id=340","title":{"rendered":"Pour votre entreprise"},"content":{"rendered":"\n<h2 class=\"wp-block-heading has-large-font-size\">Nous vous proposons des abonnements avec tarifs attractifs pour que votre entr\u00e9e soit toujours fleurie.<\/h2>\n\n\n\n<div class=\"wp-block-group alignfull has-accent-2-background-color has-background has-global-padding is-layout-constrained wp-container-core-group-is-layout-1 wp-block-group-is-layout-constrained\" style=\"margin-top:0;margin-bottom:0;padding-top:var(--wp--preset--spacing--50);padding-right:var(--wp--preset--spacing--50);padding-bottom:var(--wp--preset--spacing--50);padding-left:var(--wp--preset--spacing--50)\">\n<div style=\"height:8px\" aria-hidden=\"true\" class=\"wp-block-spacer\"><\/div>\n\n\n\n<p>Un bouquet de fleurs sur votre comptoir que nous livrons , changeons chaque semaine, ou chaque mois selon votre demande.<\/p>\n\n\n\n<figure class=\"wp-block-image alignwide size-large is-style-rounded wp-duotone-unset-2 is-style-rounded--1\"><img loading=\"lazy\" decoding=\"async\" width=\"1024\" height=\"1024\" src=\"https:\/\/paroz-fleurs.ch\/wp-content\/uploads\/2025\/01\/20210503_104219-1024x1024.jpg\" alt=\"\" class=\"wp-image-158\" srcset=\"https:\/\/paroz-fleurs.ch\/wp-content\/uploads\/2025\/01\/20210503_104219-1024x1024.jpg 1024w, https:\/\/paroz-fleurs.ch\/wp-content\/uploads\/2025\/01\/20210503_104219-300x300.jpg 300w, https:\/\/paroz-fleurs.ch\/wp-content\/uploads\/2025\/01\/20210503_104219-150x150.jpg 150w, https:\/\/paroz-fleurs.ch\/wp-content\/uploads\/2025\/01\/20210503_104219-768x768.jpg 768w, https:\/\/paroz-fleurs.ch\/wp-content\/uploads\/2025\/01\/20210503_104219.jpg 1536w\" sizes=\"auto, (max-width: 1024px) 100vw, 1024px\" \/><\/figure>\n<\/div>\n\n\n\n<h2 class=\"wp-block-heading has-large-font-size\">Pour vos employ\u00e9s : Il y a multiple fa\u00e7ons de fleurir vos employ\u00e9s, avec notre service de livraisons \u00e0 domicile c&rsquo;est facile:<\/h2>\n\n\n\n<ul class=\"wp-block-list\">\n<li>Souhaiter un bon r\u00e9tablissement<\/li>\n\n\n\n<li>F\u00e9liciter pour l&rsquo;heureux \u00e9v\u00e9nement<\/li>\n\n\n\n<li>Souhaiter des sinc\u00e8res condol\u00e9ances<\/li>\n<\/ul>\n\n\n\n<div class=\"wp-block-group alignfull has-base-background-color has-background has-global-padding is-layout-constrained wp-container-core-group-is-layout-3 wp-block-group-is-layout-constrained\" style=\"margin-top:0;margin-bottom:0;padding-top:var(--wp--preset--spacing--50);padding-right:var(--wp--preset--spacing--50);padding-bottom:var(--wp--preset--spacing--50);padding-left:var(--wp--preset--spacing--50)\">\n<div class=\"wp-block-group has-global-padding is-layout-constrained wp-block-group-is-layout-constrained\">\n<div class=\"wp-block-columns alignfull is-layout-flex wp-container-core-columns-is-layout-1 wp-block-columns-is-layout-flex\">\n<div class=\"wp-block-column is-vertically-aligned-center has-global-padding is-content-justification-center is-layout-constrained wp-container-core-column-is-layout-1 wp-block-column-is-layout-constrained\" style=\"flex-basis:100%\">\n<p class=\"has-text-align-center has-large-font-size\">Pour chaque \u00e9v\u00e9nement nous sommes l\u00e0 pour vous conseiller<\/p>\n<\/div>\n<\/div>\n<\/div>\n<\/div>\n\n\n\n<div class=\"wp-block-cover alignfull has-parallax\" style=\"padding-top:var(--wp--preset--spacing--50);padding-right:var(--wp--preset--spacing--50);padding-bottom:var(--wp--preset--spacing--50);padding-left:var(--wp--preset--spacing--50);min-height:100vh;aspect-ratio:unset;\"><span aria-hidden=\"true\" class=\"wp-block-cover__background has-base-background-color has-background-dim-0 has-background-dim\"><\/span><div class=\"wp-block-cover__image-background wp-image-159 has-parallax\" style=\"background-position:50% 50%;background-image:url(https:\/\/paroz-fleurs.ch\/wp-content\/uploads\/2025\/01\/20220411_095125.jpg)\"><\/div><div class=\"wp-block-cover__inner-container has-global-padding is-layout-constrained wp-container-core-cover-is-layout-1 wp-block-cover-is-layout-constrained\">\n<div style=\"height:500px\" aria-hidden=\"true\" class=\"wp-block-spacer\"><\/div>\n<\/div><\/div>\n\n\n\n<div class=\"wp-block-group alignfull has-base-2-background-color has-background has-global-padding is-layout-constrained wp-container-core-group-is-layout-5 wp-block-group-is-layout-constrained\" style=\"margin-top:0;margin-bottom:0;padding-top:var(--wp--preset--spacing--60);padding-right:var(--wp--preset--spacing--60);padding-bottom:var(--wp--preset--spacing--60);padding-left:var(--wp--preset--spacing--60)\">\n<div class=\"wp-block-group alignwide is-layout-flow wp-block-group-is-layout-flow\">\n<div style=\"height:var(--wp--preset--spacing--50)\" aria-hidden=\"true\" class=\"wp-block-spacer\"><\/div>\n\n\n\n<p class=\"has-text-align-center has-heading-font-family has-x-large-font-size\" style=\"font-style:normal;font-weight:400;line-height:1.2\">Petite entreprise ou grande , nos clients sont satisfaits de nos services, qui leur facilitent les commandes.<\/p>\n\n\n\n<div style=\"height:var(--wp--preset--spacing--50)\" aria-hidden=\"true\" class=\"wp-block-spacer\"><\/div>\n<\/div>\n<\/div>\n\n\n\n<div class=\"wp-block-group alignfull has-base-2-color has-contrast-background-color has-text-color has-background has-link-color wp-elements-6dc72973ef8cb6ab0bd72825c75fee60 has-global-padding is-layout-constrained wp-container-core-group-is-layout-9 wp-block-group-is-layout-constrained\" style=\"margin-top:0;margin-bottom:0;padding-top:var(--wp--preset--spacing--50);padding-right:var(--wp--preset--spacing--50);padding-bottom:var(--wp--preset--spacing--50);padding-left:var(--wp--preset--spacing--50)\">\n<div class=\"wp-block-columns alignwide is-layout-flex wp-container-core-columns-is-layout-2 wp-block-columns-is-layout-flex\">\n<div class=\"wp-block-column is-vertically-aligned-stretch is-layout-flow wp-block-column-is-layout-flow\" style=\"padding-right:0;flex-basis:60%\">\n<div class=\"wp-block-group is-vertical is-content-justification-stretch is-layout-flex wp-container-core-group-is-layout-6 wp-block-group-is-layout-flex\" style=\"min-height:100%\">\n<figure class=\"wp-block-image size-large is-style-rounded wp-duotone-unset-4 is-style-rounded--3\"><img loading=\"lazy\" decoding=\"async\" width=\"576\" height=\"1024\" src=\"https:\/\/paroz-fleurs.ch\/wp-content\/uploads\/2025\/02\/IMG-20191218-WA0002-576x1024.jpg\" alt=\"\" class=\"wp-image-335\" style=\"aspect-ratio:9\/16;object-fit:cover\" srcset=\"https:\/\/paroz-fleurs.ch\/wp-content\/uploads\/2025\/02\/IMG-20191218-WA0002-576x1024.jpg 576w, https:\/\/paroz-fleurs.ch\/wp-content\/uploads\/2025\/02\/IMG-20191218-WA0002-169x300.jpg 169w, https:\/\/paroz-fleurs.ch\/wp-content\/uploads\/2025\/02\/IMG-20191218-WA0002-768x1365.jpg 768w, https:\/\/paroz-fleurs.ch\/wp-content\/uploads\/2025\/02\/IMG-20191218-WA0002-864x1536.jpg 864w, https:\/\/paroz-fleurs.ch\/wp-content\/uploads\/2025\/02\/IMG-20191218-WA0002.jpg 1152w\" sizes=\"auto, (max-width: 576px) 100vw, 576px\" \/><\/figure>\n\n\n\n<p><\/p>\n\n\n\n<p class=\"has-medium-font-size\">Nous sommes l\u00e0 pour vous conseiller 032 481 23 10  Merci de nous choisir<\/p>\n<\/div>\n<\/div>\n\n\n\n<div class=\"wp-block-column is-layout-flow wp-block-column-is-layout-flow\" style=\"flex-basis:40%\">\n<div class=\"wp-block-group has-global-padding is-layout-constrained wp-block-group-is-layout-constrained\">\n<p class=\"has-large-font-size\" style=\"font-style:normal;font-weight:500;line-height:1.2\">Les jubil\u00e9s peuvent aussi \u00eatre la possibilit\u00e9 de fleurir et faire plaisir.<\/p>\n\n\n\n<div style=\"height:var(--wp--preset--spacing--40)\" aria-hidden=\"true\" class=\"wp-block-spacer\"><\/div>\n\n\n\n<div class=\"wp-block-group is-layout-flow wp-block-group-is-layout-flow\">\n<p class=\"has-medium-font-size\">Apporter du r\u00e9confort ou des f\u00e9licitations.<\/p>\n\n\n\n<figure class=\"wp-block-image size-large is-style-rounded wp-duotone-unset-6 is-style-rounded--5\"><img loading=\"lazy\" decoding=\"async\" width=\"1024\" height=\"768\" src=\"https:\/\/paroz-fleurs.ch\/wp-content\/uploads\/2025\/01\/bouquet-rose1-1024x768.jpg\" alt=\"\" class=\"wp-image-29\" style=\"aspect-ratio:9\/16;object-fit:cover\" srcset=\"https:\/\/paroz-fleurs.ch\/wp-content\/uploads\/2025\/01\/bouquet-rose1-1024x768.jpg 1024w, https:\/\/paroz-fleurs.ch\/wp-content\/uploads\/2025\/01\/bouquet-rose1-300x225.jpg 300w, https:\/\/paroz-fleurs.ch\/wp-content\/uploads\/2025\/01\/bouquet-rose1-768x576.jpg 768w, https:\/\/paroz-fleurs.ch\/wp-content\/uploads\/2025\/01\/bouquet-rose1-1536x1152.jpg 1536w, https:\/\/paroz-fleurs.ch\/wp-content\/uploads\/2025\/01\/bouquet-rose1-2048x1536.jpg 2048w\" sizes=\"auto, (max-width: 1024px) 100vw, 1024px\" \/><\/figure>\n<\/div>\n<\/div>\n<\/div>\n<\/div>\n<\/div>\n","protected":false},"excerpt":{"rendered":"<p>Nous vous proposons des abonnements avec tarifs attractifs pour que votre entr\u00e9e soit toujours fleurie. Un bouquet de fleurs sur votre comptoir que nous livrons , changeons chaque semaine, ou chaque mois selon votre demande. Pour vos employ\u00e9s : Il y a multiple fa\u00e7ons de fleurir vos employ\u00e9s, avec notre service de livraisons \u00e0 domicile [&hellip;]<\/p>\n","protected":false},"author":1,"featured_media":0,"parent":99,"menu_order":0,"comment_status":"closed","ping_status":"closed","template":"","meta":{"footnotes":""},"class_list":["post-340","page","type-page","status-publish","hentry"],"_links":{"self":[{"href":"https:\/\/paroz-fleurs.ch\/index.php?rest_route=\/wp\/v2\/pages\/340","targetHints":{"allow":["GET"]}}],"collection":[{"href":"https:\/\/paroz-fleurs.ch\/index.php?rest_route=\/wp\/v2\/pages"}],"about":[{"href":"https:\/\/paroz-fleurs.ch\/index.php?rest_route=\/wp\/v2\/types\/page"}],"author":[{"embeddable":true,"href":"https:\/\/paroz-fleurs.ch\/index.php?rest_route=\/wp\/v2\/users\/1"}],"replies":[{"embeddable":true,"href":"https:\/\/paroz-fleurs.ch\/index.php?rest_route=%2Fwp%2Fv2%2Fcomments&post=340"}],"version-history":[{"count":5,"href":"https:\/\/paroz-fleurs.ch\/index.php?rest_route=\/wp\/v2\/pages\/340\/revisions"}],"predecessor-version":[{"id":632,"href":"https:\/\/paroz-fleurs.ch\/index.php?rest_route=\/wp\/v2\/pages\/340\/revisions\/632"}],"up":[{"embeddable":true,"href":"https:\/\/paroz-fleurs.ch\/index.php?rest_route=\/wp\/v2\/pages\/99"}],"wp:attachment":[{"href":"https:\/\/paroz-fleurs.ch\/index.php?rest_route=%2Fwp%2Fv2%2Fmedia&parent=340"}],"curies":[{"name":"wp","href":"https:\/\/api.w.org\/{rel}","templated":true}]}}

<h2 class="wp-block-heading has-large-font-size">Nous vous proposons des abonnements avec tarifs attractifs pour que votre entrée soit toujours fleurie.</h2>



<div class="wp-block-group alignfull has-accent-2-background-color has-background has-global-padding is-layout-constrained wp-container-core-group-is-layout-1 wp-block-group-is-layout-constrained" style="margin-top:0;margin-bottom:0;padding-top:var(--wp--preset--spacing--50);padding-right:var(--wp--preset--spacing--50);padding-bottom:var(--wp--preset--spacing--50);padding-left:var(--wp--preset--spacing--50)">
<div style="height:8px" aria-hidden="true" class="wp-block-spacer"></div>



<p>Un bouquet de fleurs sur votre comptoir que nous livrons , changeons chaque semaine, ou chaque mois selon votre demande.</p>



<figure class="wp-block-image alignwide size-large is-style-rounded wp-duotone-unset-2 is-style-rounded--1"><img loading="lazy" decoding="async" width="1024" height="1024" src="https://paroz-fleurs.ch/wp-content/uploads/2025/01/20210503_104219-1024x1024.jpg" alt="" class="wp-image-158" srcset="https://paroz-fleurs.ch/wp-content/uploads/2025/01/20210503_104219-1024x1024.jpg 1024w, https://paroz-fleurs.ch/wp-content/uploads/2025/01/20210503_104219-300x300.jpg 300w, https://paroz-fleurs.ch/wp-content/uploads/2025/01/20210503_104219-150x150.jpg 150w, https://paroz-fleurs.ch/wp-content/uploads/2025/01/20210503_104219-768x768.jpg 768w, https://paroz-fleurs.ch/wp-content/uploads/2025/01/20210503_104219.jpg 1536w" sizes="auto, (max-width: 1024px) 100vw, 1024px" /></figure>
</div>



<h2 class="wp-block-heading has-large-font-size">Pour vos employés : Il y a multiple façons de fleurir vos employés, avec notre service de livraisons à domicile c&rsquo;est facile:</h2>



<ul class="wp-block-list">
<li>Souhaiter un bon rétablissement</li>



<li>Féliciter pour l&rsquo;heureux événement</li>



<li>Souhaiter des sincères condoléances</li>
</ul>



<div class="wp-block-group alignfull has-base-background-color has-background has-global-padding is-layout-constrained wp-container-core-group-is-layout-3 wp-block-group-is-layout-constrained" style="margin-top:0;margin-bottom:0;padding-top:var(--wp--preset--spacing--50);padding-right:var(--wp--preset--spacing--50);padding-bottom:var(--wp--preset--spacing--50);padding-left:var(--wp--preset--spacing--50)">
<div class="wp-block-group has-global-padding is-layout-constrained wp-block-group-is-layout-constrained">
<div class="wp-block-columns alignfull is-layout-flex wp-container-core-columns-is-layout-1 wp-block-columns-is-layout-flex">
<div class="wp-block-column is-vertically-aligned-center has-global-padding is-content-justification-center is-layout-constrained wp-container-core-column-is-layout-1 wp-block-column-is-layout-constrained" style="flex-basis:100%">
<p class="has-text-align-center has-large-font-size">Pour chaque événement nous sommes là pour vous conseiller</p>
</div>
</div>
</div>
</div>



<div class="wp-block-cover alignfull has-parallax" style="padding-top:var(--wp--preset--spacing--50);padding-right:var(--wp--preset--spacing--50);padding-bottom:var(--wp--preset--spacing--50);padding-left:var(--wp--preset--spacing--50);min-height:100vh;aspect-ratio:unset;"><span aria-hidden="true" class="wp-block-cover__background has-base-background-color has-background-dim-0 has-background-dim"></span><div class="wp-block-cover__image-background wp-image-159 has-parallax" style="background-position:50% 50%;background-image:url(https://paroz-fleurs.ch/wp-content/uploads/2025/01/20220411_095125.jpg)"></div><div class="wp-block-cover__inner-container has-global-padding is-layout-constrained wp-container-core-cover-is-layout-1 wp-block-cover-is-layout-constrained">
<div style="height:500px" aria-hidden="true" class="wp-block-spacer"></div>
</div></div>



<div class="wp-block-group alignfull has-base-2-background-color has-background has-global-padding is-layout-constrained wp-container-core-group-is-layout-5 wp-block-group-is-layout-constrained" style="margin-top:0;margin-bottom:0;padding-top:var(--wp--preset--spacing--60);padding-right:var(--wp--preset--spacing--60);padding-bottom:var(--wp--preset--spacing--60);padding-left:var(--wp--preset--spacing--60)">
<div class="wp-block-group alignwide is-layout-flow wp-block-group-is-layout-flow">
<div style="height:var(--wp--preset--spacing--50)" aria-hidden="true" class="wp-block-spacer"></div>



<p class="has-text-align-center has-heading-font-family has-x-large-font-size" style="font-style:normal;font-weight:400;line-height:1.2">Petite entreprise ou grande , nos clients sont satisfaits de nos services, qui leur facilitent les commandes.</p>



<div style="height:var(--wp--preset--spacing--50)" aria-hidden="true" class="wp-block-spacer"></div>
</div>
</div>



<div class="wp-block-group alignfull has-base-2-color has-contrast-background-color has-text-color has-background has-link-color wp-elements-6dc72973ef8cb6ab0bd72825c75fee60 has-global-padding is-layout-constrained wp-container-core-group-is-layout-9 wp-block-group-is-layout-constrained" style="margin-top:0;margin-bottom:0;padding-top:var(--wp--preset--spacing--50);padding-right:var(--wp--preset--spacing--50);padding-bottom:var(--wp--preset--spacing--50);padding-left:var(--wp--preset--spacing--50)">
<div class="wp-block-columns alignwide is-layout-flex wp-container-core-columns-is-layout-2 wp-block-columns-is-layout-flex">
<div class="wp-block-column is-vertically-aligned-stretch is-layout-flow wp-block-column-is-layout-flow" style="padding-right:0;flex-basis:60%">
<div class="wp-block-group is-vertical is-content-justification-stretch is-layout-flex wp-container-core-group-is-layout-6 wp-block-group-is-layout-flex" style="min-height:100%">
<figure class="wp-block-image size-large is-style-rounded wp-duotone-unset-4 is-style-rounded--3"><img loading="lazy" decoding="async" width="576" height="1024" src="https://paroz-fleurs.ch/wp-content/uploads/2025/02/IMG-20191218-WA0002-576x1024.jpg" alt="" class="wp-image-335" style="aspect-ratio:9/16;object-fit:cover" srcset="https://paroz-fleurs.ch/wp-content/uploads/2025/02/IMG-20191218-WA0002-576x1024.jpg 576w, https://paroz-fleurs.ch/wp-content/uploads/2025/02/IMG-20191218-WA0002-169x300.jpg 169w, https://paroz-fleurs.ch/wp-content/uploads/2025/02/IMG-20191218-WA0002-768x1365.jpg 768w, https://paroz-fleurs.ch/wp-content/uploads/2025/02/IMG-20191218-WA0002-864x1536.jpg 864w, https://paroz-fleurs.ch/wp-content/uploads/2025/02/IMG-20191218-WA0002.jpg 1152w" sizes="auto, (max-width: 576px) 100vw, 576px" /></figure>



<p></p>



<p class="has-medium-font-size">Nous sommes là pour vous conseiller 032 481 23 10  Merci de nous choisir</p>
</div>
</div>



<div class="wp-block-column is-layout-flow wp-block-column-is-layout-flow" style="flex-basis:40%">
<div class="wp-block-group has-global-padding is-layout-constrained wp-block-group-is-layout-constrained">
<p class="has-large-font-size" style="font-style:normal;font-weight:500;line-height:1.2">Les jubilés peuvent aussi être la possibilité de fleurir et faire plaisir.</p>



<div style="height:var(--wp--preset--spacing--40)" aria-hidden="true" class="wp-block-spacer"></div>



<div class="wp-block-group is-layout-flow wp-block-group-is-layout-flow">
<p class="has-medium-font-size">Apporter du réconfort ou des félicitations.</p>



<figure class="wp-block-image size-large is-style-rounded wp-duotone-unset-6 is-style-rounded--5"><img loading="lazy" decoding="async" width="1024" height="768" src="https://paroz-fleurs.ch/wp-content/uploads/2025/01/bouquet-rose1-1024x768.jpg" alt="" class="wp-image-29" style="aspect-ratio:9/16;object-fit:cover" srcset="https://paroz-fleurs.ch/wp-content/uploads/2025/01/bouquet-rose1-1024x768.jpg 1024w, https://paroz-fleurs.ch/wp-content/uploads/2025/01/bouquet-rose1-300x225.jpg 300w, https://paroz-fleurs.ch/wp-content/uploads/2025/01/bouquet-rose1-768x576.jpg 768w, https://paroz-fleurs.ch/wp-content/uploads/2025/01/bouquet-rose1-1536x1152.jpg 1536w, https://paroz-fleurs.ch/wp-content/uploads/2025/01/bouquet-rose1-2048x1536.jpg 2048w" sizes="auto, (max-width: 1024px) 100vw, 1024px" /></figure>
</div>
</div>
</div>
</div>
</div>

<p>Nous vous proposons des abonnements avec tarifs attractifs pour que votre entrée soit toujours fleurie. Un bouquet de fleurs sur votre comptoir que nous livrons , changeons chaque semaine, ou chaque mois selon votre demande. Pour vos employés : Il y a multiple façons de fleurir vos employés, avec notre service de livraisons à domicile [&hellip;]</p>
