{"id":99,"date":"2025-01-22T12:23:10","date_gmt":"2025-01-22T12:23:10","guid":{"rendered":"https:\/\/paroz-fleurs.ch\/?page_id=99"},"modified":"2026-07-05T18:12:02","modified_gmt":"2026-07-05T18:12:02","slug":"essai-accueil","status":"publish","type":"page","link":"https:\/\/paroz-fleurs.ch\/?page_id=99","title":{"rendered":"Nos services"},"content":{"rendered":"\n<div class=\"wp-block-group is-content-justification-center is-layout-flex wp-container-core-group-is-layout-1 wp-block-group-is-layout-flex\">\n<div class=\"wp-block-media-text is-stacked-on-mobile\"><figure class=\"wp-block-media-text__media\"><img loading=\"lazy\" decoding=\"async\" width=\"1024\" height=\"768\" src=\"https:\/\/paroz-fleurs.ch\/wp-content\/uploads\/2025\/01\/mariee3-1024x768.jpg\" alt=\"\" class=\"wp-image-153 size-full\" srcset=\"https:\/\/paroz-fleurs.ch\/wp-content\/uploads\/2025\/01\/mariee3-1024x768.jpg 1024w, https:\/\/paroz-fleurs.ch\/wp-content\/uploads\/2025\/01\/mariee3-300x225.jpg 300w, https:\/\/paroz-fleurs.ch\/wp-content\/uploads\/2025\/01\/mariee3-768x576.jpg 768w, https:\/\/paroz-fleurs.ch\/wp-content\/uploads\/2025\/01\/mariee3-1536x1152.jpg 1536w, https:\/\/paroz-fleurs.ch\/wp-content\/uploads\/2025\/01\/mariee3.jpg 1613w\" sizes=\"auto, (max-width: 1024px) 100vw, 1024px\" \/><\/figure><div class=\"wp-block-media-text__content\">\n<h5 class=\"wp-block-heading\"><strong><a href=\"https:\/\/paroz-fleurs.ch\/?page_id=191\" data-type=\"page\" data-id=\"191\">MARIAGE:<\/a><\/strong><\/h5>\n\n\n\n<p>Nos conseils pour vous proposer le bouquet de mari\u00e9e , les fleurs pour les t\u00e9moins, les d\u00e9corations pour le banquet, la c\u00e9r\u00e9monie et l&rsquo;\u00e9glise.<\/p>\n\n\n\n<p>Photo: bouquet de mari\u00e9e tout en douceur ros\u00e9e.<\/p>\n<\/div><\/div>\n\n\n\n<div class=\"wp-block-media-text is-stacked-on-mobile\"><figure class=\"wp-block-media-text__media\"><img loading=\"lazy\" decoding=\"async\" width=\"768\" height=\"768\" src=\"https:\/\/paroz-fleurs.ch\/wp-content\/uploads\/2025\/01\/coeur3.jpg\" alt=\"\" class=\"wp-image-154 size-full\" srcset=\"https:\/\/paroz-fleurs.ch\/wp-content\/uploads\/2025\/01\/coeur3.jpg 768w, https:\/\/paroz-fleurs.ch\/wp-content\/uploads\/2025\/01\/coeur3-300x300.jpg 300w, https:\/\/paroz-fleurs.ch\/wp-content\/uploads\/2025\/01\/coeur3-150x150.jpg 150w\" sizes=\"auto, (max-width: 768px) 100vw, 768px\" \/><\/figure><div class=\"wp-block-media-text__content\">\n<h5 class=\"wp-block-heading\"><strong><a href=\"https:\/\/paroz-fleurs.ch\/?page_id=179\" data-type=\"page\" data-id=\"179\">DEUIL:<\/a><\/strong><\/h5>\n\n\n\n<p>Nos plus douces cr\u00e9ations pour vous accompagner dans la perte d&rsquo;un \u00eatre cher.  Nous pouvons composer une gerbe de fleurs pour d\u00e9poser sur le cercueil, un arrangement en hauteur, une couronne et bien plus encore.<\/p>\n\n\n\n<p>Photo: coeur de roses <\/p>\n<\/div><\/div>\n<\/div>\n\n\n\n<div style=\"height:7px\" aria-hidden=\"true\" class=\"wp-block-spacer\"><\/div>\n\n\n\n<div class=\"wp-block-media-text is-stacked-on-mobile\"><figure class=\"wp-block-media-text__media\"><img loading=\"lazy\" decoding=\"async\" width=\"1024\" height=\"843\" src=\"https:\/\/paroz-fleurs.ch\/wp-content\/uploads\/2025\/01\/anni1-1024x843.jpg\" alt=\"\" class=\"wp-image-155 size-full\" srcset=\"https:\/\/paroz-fleurs.ch\/wp-content\/uploads\/2025\/01\/anni1-1024x843.jpg 1024w, https:\/\/paroz-fleurs.ch\/wp-content\/uploads\/2025\/01\/anni1-300x247.jpg 300w, https:\/\/paroz-fleurs.ch\/wp-content\/uploads\/2025\/01\/anni1-768x633.jpg 768w, https:\/\/paroz-fleurs.ch\/wp-content\/uploads\/2025\/01\/anni1.jpg 1474w\" sizes=\"auto, (max-width: 1024px) 100vw, 1024px\" \/><\/figure><div class=\"wp-block-media-text__content\">\n<h5 class=\"wp-block-heading\"><strong>ANNIVERSAIRE<\/strong>, f\u00e9licitations, etc:<\/h5>\n\n\n\n<p>Un joli bouquet pour apporter de la joie, de l&rsquo;amiti\u00e9 ou de l&rsquo;amour pour un anniversaire. Des f\u00e9licitations pour des examens, ou, pour un heureux \u00e9v\u00e9nement. Des voeux pour un bon r\u00e9tablissement.<\/p>\n\n\n\n<p>Photo: bouquet rond, vivant et a\u00e9r\u00e9<\/p>\n<\/div><\/div>\n\n\n\n<div style=\"height:13px\" aria-hidden=\"true\" class=\"wp-block-spacer\"><\/div>\n\n\n\n<div class=\"wp-block-media-text is-stacked-on-mobile\"><figure class=\"wp-block-media-text__media\"><img loading=\"lazy\" decoding=\"async\" width=\"1024\" height=\"768\" src=\"https:\/\/paroz-fleurs.ch\/wp-content\/uploads\/2025\/01\/bouquet-rose1-1024x768.jpg\" alt=\"\" class=\"wp-image-29 size-full\" srcset=\"https:\/\/paroz-fleurs.ch\/wp-content\/uploads\/2025\/01\/bouquet-rose1-1024x768.jpg 1024w, https:\/\/paroz-fleurs.ch\/wp-content\/uploads\/2025\/01\/bouquet-rose1-300x225.jpg 300w, https:\/\/paroz-fleurs.ch\/wp-content\/uploads\/2025\/01\/bouquet-rose1-768x576.jpg 768w, https:\/\/paroz-fleurs.ch\/wp-content\/uploads\/2025\/01\/bouquet-rose1-1536x1152.jpg 1536w, https:\/\/paroz-fleurs.ch\/wp-content\/uploads\/2025\/01\/bouquet-rose1-2048x1536.jpg 2048w\" sizes=\"auto, (max-width: 1024px) 100vw, 1024px\" \/><\/figure><div class=\"wp-block-media-text__content\">\n<h5 class=\"wp-block-heading\"><strong>LIVRAISON A DOMICILE<\/strong><\/h5>\n\n\n\n<p>Notre service de livraison \u00e0 domicile chaque jour ouvrable vous permet de cr\u00e9er la surprise.<\/p>\n<\/div><\/div>\n\n\n\n<div class=\"wp-block-media-text is-stacked-on-mobile\"><figure class=\"wp-block-media-text__media\"><img loading=\"lazy\" decoding=\"async\" width=\"1024\" height=\"1024\" src=\"https:\/\/paroz-fleurs.ch\/wp-content\/uploads\/2025\/01\/20220411_095125-1024x1024.jpg\" alt=\"\" class=\"wp-image-159 size-full\" srcset=\"https:\/\/paroz-fleurs.ch\/wp-content\/uploads\/2025\/01\/20220411_095125-1024x1024.jpg 1024w, https:\/\/paroz-fleurs.ch\/wp-content\/uploads\/2025\/01\/20220411_095125-300x300.jpg 300w, https:\/\/paroz-fleurs.ch\/wp-content\/uploads\/2025\/01\/20220411_095125-150x150.jpg 150w, https:\/\/paroz-fleurs.ch\/wp-content\/uploads\/2025\/01\/20220411_095125-768x768.jpg 768w, https:\/\/paroz-fleurs.ch\/wp-content\/uploads\/2025\/01\/20220411_095125.jpg 1258w\" sizes=\"auto, (max-width: 1024px) 100vw, 1024px\" \/><\/figure><div class=\"wp-block-media-text__content\">\n<h5 class=\"wp-block-heading\"><a href=\"https:\/\/paroz-fleurs.ch\/?page_id=340\" data-type=\"page\" data-id=\"340\"><strong>POUR VOTRE ENTREPRISE<\/strong><\/a><\/h5>\n\n\n\n<p>Bon r\u00e9tablissement, condol\u00e9ances ou f\u00e9licitations<\/p>\n<\/div><\/div>\n\n\n\n<div style=\"height:33px\" aria-hidden=\"true\" class=\"wp-block-spacer\"><\/div>\n\n\n\n<p class=\"has-text-align-center\">Formulaire pour passer commande<a href=\"https:\/\/paroz-fleurs.ch\/?page_id=20\" data-type=\"page\" data-id=\"20\">Livraisons, r\u00e9servations<\/a><\/p>\n\n\n\n<p class=\"has-text-align-center\">Ou prendre rendez-vous au  032 481 23 10<\/p>\n\n\n\n<p class=\"has-text-align-center\">MERCI DE NOUS CHOISIR<\/p>\n\n\n\n<p><a href=\"http:\/\/www.paroz-fleurs.ch\">retour \u00e0 la page ACCUEIL<\/a><\/p>\n","protected":false},"excerpt":{"rendered":"<p>MARIAGE: Nos conseils pour vous proposer le bouquet de mari\u00e9e , les fleurs pour les t\u00e9moins, les d\u00e9corations pour le banquet, la c\u00e9r\u00e9monie et l&rsquo;\u00e9glise. Photo: bouquet de mari\u00e9e tout en douceur ros\u00e9e. DEUIL: Nos plus douces cr\u00e9ations pour vous accompagner dans la perte d&rsquo;un \u00eatre cher. Nous pouvons composer une gerbe de fleurs pour [&hellip;]<\/p>\n","protected":false},"author":1,"featured_media":0,"parent":0,"menu_order":3,"comment_status":"closed","ping_status":"closed","template":"","meta":{"footnotes":""},"class_list":["post-99","page","type-page","status-publish","hentry"],"_links":{"self":[{"href":"https:\/\/paroz-fleurs.ch\/index.php?rest_route=\/wp\/v2\/pages\/99","targetHints":{"allow":["GET"]}}],"collection":[{"href":"https:\/\/paroz-fleurs.ch\/index.php?rest_route=\/wp\/v2\/pages"}],"about":[{"href":"https:\/\/paroz-fleurs.ch\/index.php?rest_route=\/wp\/v2\/types\/page"}],"author":[{"embeddable":true,"href":"https:\/\/paroz-fleurs.ch\/index.php?rest_route=\/wp\/v2\/users\/1"}],"replies":[{"embeddable":true,"href":"https:\/\/paroz-fleurs.ch\/index.php?rest_route=%2Fwp%2Fv2%2Fcomments&post=99"}],"version-history":[{"count":11,"href":"https:\/\/paroz-fleurs.ch\/index.php?rest_route=\/wp\/v2\/pages\/99\/revisions"}],"predecessor-version":[{"id":631,"href":"https:\/\/paroz-fleurs.ch\/index.php?rest_route=\/wp\/v2\/pages\/99\/revisions\/631"}],"wp:attachment":[{"href":"https:\/\/paroz-fleurs.ch\/index.php?rest_route=%2Fwp%2Fv2%2Fmedia&parent=99"}],"curies":[{"name":"wp","href":"https:\/\/api.w.org\/{rel}","templated":true}]}}

<div class="wp-block-group is-content-justification-center is-layout-flex wp-container-core-group-is-layout-1 wp-block-group-is-layout-flex">
<div class="wp-block-media-text is-stacked-on-mobile"><figure class="wp-block-media-text__media"><img loading="lazy" decoding="async" width="1024" height="768" src="https://paroz-fleurs.ch/wp-content/uploads/2025/01/mariee3-1024x768.jpg" alt="" class="wp-image-153 size-full" srcset="https://paroz-fleurs.ch/wp-content/uploads/2025/01/mariee3-1024x768.jpg 1024w, https://paroz-fleurs.ch/wp-content/uploads/2025/01/mariee3-300x225.jpg 300w, https://paroz-fleurs.ch/wp-content/uploads/2025/01/mariee3-768x576.jpg 768w, https://paroz-fleurs.ch/wp-content/uploads/2025/01/mariee3-1536x1152.jpg 1536w, https://paroz-fleurs.ch/wp-content/uploads/2025/01/mariee3.jpg 1613w" sizes="auto, (max-width: 1024px) 100vw, 1024px" /></figure><div class="wp-block-media-text__content">
<h5 class="wp-block-heading"><strong><a href="https://paroz-fleurs.ch/?page_id=191" data-type="page" data-id="191">MARIAGE:</a></strong></h5>



<p>Nos conseils pour vous proposer le bouquet de mariée , les fleurs pour les témoins, les décorations pour le banquet, la cérémonie et l&rsquo;église.</p>



<p>Photo: bouquet de mariée tout en douceur rosée.</p>
</div></div>



<div class="wp-block-media-text is-stacked-on-mobile"><figure class="wp-block-media-text__media"><img loading="lazy" decoding="async" width="768" height="768" src="https://paroz-fleurs.ch/wp-content/uploads/2025/01/coeur3.jpg" alt="" class="wp-image-154 size-full" srcset="https://paroz-fleurs.ch/wp-content/uploads/2025/01/coeur3.jpg 768w, https://paroz-fleurs.ch/wp-content/uploads/2025/01/coeur3-300x300.jpg 300w, https://paroz-fleurs.ch/wp-content/uploads/2025/01/coeur3-150x150.jpg 150w" sizes="auto, (max-width: 768px) 100vw, 768px" /></figure><div class="wp-block-media-text__content">
<h5 class="wp-block-heading"><strong><a href="https://paroz-fleurs.ch/?page_id=179" data-type="page" data-id="179">DEUIL:</a></strong></h5>



<p>Nos plus douces créations pour vous accompagner dans la perte d&rsquo;un être cher.  Nous pouvons composer une gerbe de fleurs pour déposer sur le cercueil, un arrangement en hauteur, une couronne et bien plus encore.</p>



<p>Photo: coeur de roses </p>
</div></div>
</div>



<div style="height:7px" aria-hidden="true" class="wp-block-spacer"></div>



<div class="wp-block-media-text is-stacked-on-mobile"><figure class="wp-block-media-text__media"><img loading="lazy" decoding="async" width="1024" height="843" src="https://paroz-fleurs.ch/wp-content/uploads/2025/01/anni1-1024x843.jpg" alt="" class="wp-image-155 size-full" srcset="https://paroz-fleurs.ch/wp-content/uploads/2025/01/anni1-1024x843.jpg 1024w, https://paroz-fleurs.ch/wp-content/uploads/2025/01/anni1-300x247.jpg 300w, https://paroz-fleurs.ch/wp-content/uploads/2025/01/anni1-768x633.jpg 768w, https://paroz-fleurs.ch/wp-content/uploads/2025/01/anni1.jpg 1474w" sizes="auto, (max-width: 1024px) 100vw, 1024px" /></figure><div class="wp-block-media-text__content">
<h5 class="wp-block-heading"><strong>ANNIVERSAIRE</strong>, félicitations, etc:</h5>



<p>Un joli bouquet pour apporter de la joie, de l&rsquo;amitié ou de l&rsquo;amour pour un anniversaire. Des félicitations pour des examens, ou, pour un heureux événement. Des voeux pour un bon rétablissement.</p>



<p>Photo: bouquet rond, vivant et aéré</p>
</div></div>



<div style="height:13px" aria-hidden="true" class="wp-block-spacer"></div>



<div class="wp-block-media-text is-stacked-on-mobile"><figure class="wp-block-media-text__media"><img loading="lazy" decoding="async" width="1024" height="768" src="https://paroz-fleurs.ch/wp-content/uploads/2025/01/bouquet-rose1-1024x768.jpg" alt="" class="wp-image-29 size-full" srcset="https://paroz-fleurs.ch/wp-content/uploads/2025/01/bouquet-rose1-1024x768.jpg 1024w, https://paroz-fleurs.ch/wp-content/uploads/2025/01/bouquet-rose1-300x225.jpg 300w, https://paroz-fleurs.ch/wp-content/uploads/2025/01/bouquet-rose1-768x576.jpg 768w, https://paroz-fleurs.ch/wp-content/uploads/2025/01/bouquet-rose1-1536x1152.jpg 1536w, https://paroz-fleurs.ch/wp-content/uploads/2025/01/bouquet-rose1-2048x1536.jpg 2048w" sizes="auto, (max-width: 1024px) 100vw, 1024px" /></figure><div class="wp-block-media-text__content">
<h5 class="wp-block-heading"><strong>LIVRAISON A DOMICILE</strong></h5>



<p>Notre service de livraison à domicile chaque jour ouvrable vous permet de créer la surprise.</p>
</div></div>



<div class="wp-block-media-text is-stacked-on-mobile"><figure class="wp-block-media-text__media"><img loading="lazy" decoding="async" width="1024" height="1024" src="https://paroz-fleurs.ch/wp-content/uploads/2025/01/20220411_095125-1024x1024.jpg" alt="" class="wp-image-159 size-full" srcset="https://paroz-fleurs.ch/wp-content/uploads/2025/01/20220411_095125-1024x1024.jpg 1024w, https://paroz-fleurs.ch/wp-content/uploads/2025/01/20220411_095125-300x300.jpg 300w, https://paroz-fleurs.ch/wp-content/uploads/2025/01/20220411_095125-150x150.jpg 150w, https://paroz-fleurs.ch/wp-content/uploads/2025/01/20220411_095125-768x768.jpg 768w, https://paroz-fleurs.ch/wp-content/uploads/2025/01/20220411_095125.jpg 1258w" sizes="auto, (max-width: 1024px) 100vw, 1024px" /></figure><div class="wp-block-media-text__content">
<h5 class="wp-block-heading"><a href="https://paroz-fleurs.ch/?page_id=340" data-type="page" data-id="340"><strong>POUR VOTRE ENTREPRISE</strong></a></h5>



<p>Bon rétablissement, condoléances ou félicitations</p>
</div></div>



<div style="height:33px" aria-hidden="true" class="wp-block-spacer"></div>



<p class="has-text-align-center">Formulaire pour passer commande<a href="https://paroz-fleurs.ch/?page_id=20" data-type="page" data-id="20">Livraisons, réservations</a></p>



<p class="has-text-align-center">Ou prendre rendez-vous au  032 481 23 10</p>



<p class="has-text-align-center">MERCI DE NOUS CHOISIR</p>



<p><a href="http://www.paroz-fleurs.ch">retour à la page ACCUEIL</a></p>

<p>MARIAGE: Nos conseils pour vous proposer le bouquet de mariée , les fleurs pour les témoins, les décorations pour le banquet, la cérémonie et l&rsquo;église. Photo: bouquet de mariée tout en douceur rosée. DEUIL: Nos plus douces créations pour vous accompagner dans la perte d&rsquo;un être cher. Nous pouvons composer une gerbe de fleurs pour [&hellip;]</p>
